{"id":360,"date":"2013-11-11T22:13:04","date_gmt":"2013-11-11T21:13:04","guid":{"rendered":"http:\/\/www.thewebgermany.de\/wordpress\/?page_id=360"},"modified":"2024-08-16T16:10:45","modified_gmt":"2024-08-16T15:10:45","slug":"mitgliedschaft","status":"publish","type":"page","link":"https:\/\/www.thewebgermany.de\/wordpress\/mitgliedschaft\/","title":{"rendered":"Mitgliedschaft"},"content":{"rendered":"<p>Entscheide Dich The Web Germany beizutreten; schon bist Du n\u00e4her dran und bekommst dieses &#8222;Marillion-macht-gl\u00fccklich-Paket&#8220; jedes Jahr:<\/p>\n<ul style=\"list-style-type: circle;\">\n<li>In der Regel drei <a title=\"Magazin\u00fcbersicht\" href=\"http:\/\/www.thewebgermany.de\/wordpress\/magazine-made-again\/\" target=\"_blank\" rel=\"noopener noreferrer\">Magazine &#8222;Made Again<\/a> pro Kalenderjahr.<\/li>\n<li>Eine Mitglieder-CD\/DVD zu Weihnachten. Diese CD\/DVD wird von Marillion ausschlie\u00dflich f\u00fcr die Mitglieder der internationalen Fanclubs in limitierter Anzahl aufgelegt und ist nicht im Laden erh\u00e4ltlich.<\/li>\n<li>Auf Wunsch unseren E-Mail-Newsletter &#8222;eMan&#8220;, mit dem wir Dich mit aktuellen Terminen und Informationen auf dem Laufenden halten.<\/li>\n<li>Des weiteren organisiert TWG in regelm\u00e4\u00dfigen Abst\u00e4nden Konzerte und Veranstaltungen, zu denen ausschlie\u00dflich Vereinsmitglieder Zugang haben bzw. Early-Bird-Tickets kaufen k\u00f6nnen.<\/li>\n<\/ul>\n<p>Um Dich direkt anzumelden, kannst Du entweder <a title=\"anmeldeformular\" href=\"http:\/\/www.thewebgermany.de\/wordpress\/mitglied-werden\/\" target=\"_blank\" rel=\"noopener noreferrer\">unser Online-Formular<\/a> nutzen oder das PDF-Beitrittsformular ausdrucken und uns per Post zuschicken.<\/p>\n<p>Die Mitgliedschaft dauert jeweils vom 01.01. bis zum 31.12. eines Jahres.<br \/>\nSollte die Mitgliedschaft im Dezember eines Jahres beantragt werden, bitten wir um Angabe, ob die Mitgliedschaft r\u00fcckwirkend f\u00fcr das laufende oder erst ab dem kommenden Kalenderjahr sein soll.<\/p>\n<p>Sobald Dein Mindestbeitrag (Inland 25,00 \u20ac \/ Ausland 30,00 \u20ac) unserem Konto gut geschrieben wurden, beginnt Deine Mitgliedschaft.<br \/>\nDa es sich um einen Mindestbeitrag handelt, kannst Du den Club selbstverst\u00e4ndlich unterst\u00fctzen, indem Du mehr \u00fcberweist.<\/p>\n<p><strong>Formulare zum Download:<\/strong><\/p>\n<ul style=\"list-style-type: circle;\">\n<li><a title=\"Vereinssatzung\" href=\"http:\/\/www.thewebgermany.de\/data\/forms\/satzung.pdf\" target=\"_blank\" rel=\"noopener noreferrer\">Vereinssatzung<\/a><\/li>\n<li><a href=\"http:\/\/www.thewebgermany.de\/data\/forms\/beitrittsformular.pdf\" target=\"_blank\" rel=\"noopener noreferrer\">Beitrittsformular \/ Anmeldung<\/a><\/li>\n<li><a title=\"SEPA-Lastschriftmandat\" href=\"http:\/\/www.thewebgermany.de\/data\/forms\/sepa_lsm.pdf\" target=\"_blank\" rel=\"noopener noreferrer\">SEPA-Lastschriftmandat<\/a> (<em>Einzugserm\u00e4chtigung<\/em>)<br \/>\n<em><span style=\"color: #ff0000;\">Das SEPA-Lastschriftmandat ist ausgef\u00fcllt und unterschrieben per Post an das TWG-Postfach zu senden. <\/span><span style=\"color: #ff0000;\">Eine Vorlage per E-Mail reicht nicht aus und wird nicht akzeptiert.<\/span><\/em><br \/>\n<span style=\"color: #ff0000;\"><em>Bei \u00c4nderung der Bankverbindung ist dem TWG ein neues SEPA-Lastschriftmandat &#8211; wie zuvor beschrieben &#8211; vorzulegen; eine einfache \u00c4nderungsmitteilung per E-Mail reicht nicht aus.<\/em><\/span><\/li>\n<li><a href=\"http:\/\/www.thewebgermany.de\/wordpress\/datenschutzerklaerung\/\" target=\"_blank\" rel=\"noopener noreferrer\">Datenschutzerkl\u00e4rung<\/a><\/li>\n<\/ul>\n<p><span style=\"font-size: 16px;\"><strong>Unsere Bankverbindung<br \/>\n<\/strong><strong>Empf\u00e4nger: <\/strong>The Web Germany e. V.<br \/>\n<strong>Institut: <\/strong>Deutsche Skatbank<br \/>\n<strong>IBAN: <\/strong>DE76 8306 5408 0005 4129 27<br \/>\n<strong>SWIFT-BIC:<\/strong> GENODEF1SLR<br \/>\n<\/span><a href=\"https:\/\/www.skatbank.de\" target=\"_blank\" rel=\"noopener\">https:\/\/www.skatbank.de<\/a><\/p>\n<p><span style=\"font-size: 16px;\"><strong>Unsere Anschrift:<\/strong><\/span><br \/>\n<span style=\"font-size: 16px;\">The Web Germany e. V.<\/span><br \/>\n<span style=\"font-size: 16px;\">Postfach 51 10 10<\/span><br \/>\n<span style=\"font-size: 16px;\">50946 K\u00f6ln<\/span><\/p>\n","protected":false},"excerpt":{"rendered":"<p>Entscheide Dich The Web Germany beizutreten; schon bist Du n\u00e4her dran und bekommst dieses &#8222;Marillion-macht-gl\u00fccklich-Paket&#8220; jedes Jahr: In der Regel drei Magazine &#8222;Made Again pro Kalenderjahr. Eine Mitglieder-CD\/DVD zu Weihnachten. [&hellip;]<\/p>\n","protected":false},"author":2,"featured_media":0,"parent":0,"menu_order":0,"comment_status":"closed","ping_status":"closed","template":"","meta":{"footnotes":""},"class_list":["post-360","page","type-page","status-publish","hentry"],"_links":{"self":[{"href":"https:\/\/www.thewebgermany.de\/wordpress\/wp-json\/wp\/v2\/pages\/360","targetHints":{"allow":["GET"]}}],"collection":[{"href":"https:\/\/www.thewebgermany.de\/wordpress\/wp-json\/wp\/v2\/pages"}],"about":[{"href":"https:\/\/www.thewebgermany.de\/wordpress\/wp-json\/wp\/v2\/types\/page"}],"author":[{"embeddable":true,"href":"https:\/\/www.thewebgermany.de\/wordpress\/wp-json\/wp\/v2\/users\/2"}],"replies":[{"embeddable":true,"href":"https:\/\/www.thewebgermany.de\/wordpress\/wp-json\/wp\/v2\/comments?post=360"}],"version-history":[{"count":38,"href":"https:\/\/www.thewebgermany.de\/wordpress\/wp-json\/wp\/v2\/pages\/360\/revisions"}],"predecessor-version":[{"id":5488,"href":"https:\/\/www.thewebgermany.de\/wordpress\/wp-json\/wp\/v2\/pages\/360\/revisions\/5488"}],"wp:attachment":[{"href":"https:\/\/www.thewebgermany.de\/wordpress\/wp-json\/wp\/v2\/media?parent=360"}],"curies":[{"name":"wp","href":"https:\/\/api.w.org\/{rel}","templated":true}]}}