{"id":363,"date":"2013-11-12T12:04:06","date_gmt":"2013-11-12T11:04:06","guid":{"rendered":"http:\/\/www.thewebgermany.de\/wordpress\/?page_id=363"},"modified":"2026-04-05T20:51:06","modified_gmt":"2026-04-05T19:51:06","slug":"impressum","status":"publish","type":"page","link":"https:\/\/www.thewebgermany.de\/wordpress\/impressum\/","title":{"rendered":"Impressum"},"content":{"rendered":"<p><strong>Angaben gem\u00e4\u00df \u00a7 5 Telemediengesetz (<a title=\"Telemediengesetz\" href=\"http:\/\/www.gesetze-im-internet.de\/bundesrecht\/tmg\/gesamt.pdf\" target=\"_blank\" rel=\"noopener noreferrer\">TMG<\/a>):<br \/><\/strong>The Web Germany e. V.<br \/>Markus Dick<br \/>Willbachstra\u00dfe 3<br \/>65582 Diez<\/p>\r\n<p><strong>Vertreten durch den Vorstand:<br \/><\/strong>Markus Dick<br \/>Stefan Schulz<br \/>Dirk Steiner<\/p>\r\n<p><strong>Kontakt:<br \/><\/strong>E-Mail: <a href=\"mailto:marillion@thewebgermany.de\" target=\"_blank\" rel=\"noopener noreferrer\">marillion@thewebgermany.de<\/a><\/p>\r\n<p><strong>Registereintrag:<br \/><\/strong>Eintragung im Vereinsregister.<br \/>Registergericht: Amtsgericht Neuwied<br \/>Registernummer: VR 1605<\/p>\r\n<p><strong>Unsere Postanschrift:<\/strong><br \/>The Web Germany e. V.<br \/>Postfach 51 10 10<br \/>50946 K\u00f6ln<\/p>\r\n<p><a href=\"https:\/\/www.thewebgermany.de\/wordpress\/datenschutzerklaerung\/\" target=\"_blank\" rel=\"noopener noreferrer\">Unsere <strong>Datenschutzerkl\u00e4rung<\/strong> finden Sie hier.<\/a><\/p>\r\n<p>Der Nutzung von im Rahmen der Impressumspflicht ver\u00f6ffentlichten Kontaktdaten durch Dritte zur \u00dcbersendung von nicht ausdr\u00fccklich angeforderter Werbung und Informationsmaterialien wird hiermit ausdr\u00fccklich widersprochen. Der TWG e. V. beh\u00e4lt sich ausdr\u00fccklich rechtliche Schritte im Falle der unverlangten Zusendung von Werbeinformationen, etwa durch Spam-Mails, vor.<\/p>\r\n<p><a href=\"http:\/\/www.e-recht24.de\" rel=\"attachment wp-att-2022\"><img loading=\"lazy\" decoding=\"async\" class=\"wp-image-2022 size-full alignnone\" src=\"http:\/\/www.thewebgermany.de\/wordpress\/wp-content\/uploads\/2013\/11\/logo-erecht24-long-72-rgb.png\" alt=\"logo-erecht24-long-72-rgb\" width=\"202\" height=\"50\" \/><\/a><\/p>\r\n<p>Quelle: <i><a href=\"http:\/\/www.e-recht24.de\/impressum-generator.html\" target=\"_blank\" rel=\"nofollow noopener\">http:\/\/www.e-recht24.de<\/a><\/i><\/p>\r\n<p>Verwendete Icons:<br \/>IcoJam OneBit Free Icon Sets, Public Domian<br \/>Webseite: <a href=\"https:\/\/www.icojam.com\/category\/free-icons\/\" target=\"_blank\" rel=\"noopener\">https:\/\/www.icojam.com\/category\/free-icons\/<\/a><br \/><span style=\"font-size: 12px;\">Die Lizenzbedingungen stehen <a title=\"License Agreement IcoJam OneBIt IconSets\" href=\"https:\/\/www.icojam.com\/standard-license\/\" target=\"_blank\" rel=\"noopener noreferrer\">auf dieser Webseite<\/a><\/span><\/p>\r\n<p>Flaggen-Icons von 365.ico<br \/>Download-Seite, Quelle und Lizenzbestimmungen: <br \/><a href=\"https:\/\/iconarchive.com\/show\/flags-icons-by-icondrawer.html\" target=\"_blank\" rel=\"noopener noreferrer\">https:\/\/iconarchive.com\/show\/flags-icons-by-icondrawer.html<\/a><\/p>\r\n<p>Verwendete Beitragsbilder und Background-Grafiken:<br \/>OpenClipart.org <a href=\"https:\/\/openclipart.org\/\" target=\"_blank\" rel=\"noopener noreferrer\">https:\/\/openclipart.org\/<\/a><br \/><sub>Lizenzbedingungen: <a href=\"https:\/\/openclipart.org\/share\" target=\"_blank\" rel=\"noopener noreferrer\">https:\/\/openclipart.org\/share<\/a><\/sub><\/p>\r\n","protected":false},"excerpt":{"rendered":"<p>Angaben gem\u00e4\u00df \u00a7 5 Telemediengesetz (TMG):The Web Germany e. V.Markus DickWillbachstra\u00dfe 365582 Diez Vertreten durch den Vorstand:Markus DickStefan SchulzDirk Steiner Kontakt:E-Mail: marillion@thewebgermany.de Registereintrag:Eintragung im Vereinsregister.Registergericht: Amtsgericht NeuwiedRegisternummer: VR 1605 Unsere [&hellip;]<\/p>\n","protected":false},"author":2,"featured_media":0,"parent":0,"menu_order":0,"comment_status":"closed","ping_status":"closed","template":"","meta":{"footnotes":""},"class_list":["post-363","page","type-page","status-publish","hentry"],"_links":{"self":[{"href":"https:\/\/www.thewebgermany.de\/wordpress\/wp-json\/wp\/v2\/pages\/363","targetHints":{"allow":["GET"]}}],"collection":[{"href":"https:\/\/www.thewebgermany.de\/wordpress\/wp-json\/wp\/v2\/pages"}],"about":[{"href":"https:\/\/www.thewebgermany.de\/wordpress\/wp-json\/wp\/v2\/types\/page"}],"author":[{"embeddable":true,"href":"https:\/\/www.thewebgermany.de\/wordpress\/wp-json\/wp\/v2\/users\/2"}],"replies":[{"embeddable":true,"href":"https:\/\/www.thewebgermany.de\/wordpress\/wp-json\/wp\/v2\/comments?post=363"}],"version-history":[{"count":41,"href":"https:\/\/www.thewebgermany.de\/wordpress\/wp-json\/wp\/v2\/pages\/363\/revisions"}],"predecessor-version":[{"id":5877,"href":"https:\/\/www.thewebgermany.de\/wordpress\/wp-json\/wp\/v2\/pages\/363\/revisions\/5877"}],"wp:attachment":[{"href":"https:\/\/www.thewebgermany.de\/wordpress\/wp-json\/wp\/v2\/media?parent=363"}],"curies":[{"name":"wp","href":"https:\/\/api.w.org\/{rel}","templated":true}]}}